18*-6 is divided by 1 - 0 - -1*z.
4
Suppose 0 = i - 6*i + x + 236, -2*x = -4*i + 184. Let l = i + -10. Calculate the remainder when l is divided by 20/2 - (2 - 5).
12
Suppose -2*h + 4*q + 104 = 32, 3*h + 4*q - 68 = 0. Let a = -1415 - -1496. Calculate the remainder when a is divided by h.
25
Let w = -211 - -389. Calculate the remainder when w is divided by 32.
18
What is the remainder when 258/2 - 8/(-2 - 0) is divided by 34?
31
Suppose -v - 11 = -19. Calculate the remainder when 44 is divided by v.
4
Let q be 406 + 1 - (14 + -13). Let k = 673 - q. Calculate the remainder when 2/(-5) - k/(-5) is divided by 14.
11
Suppose 13*j + 420 = 16*j. Calculate the remainder when j is divided by 47.
46
Let o(b) = -3*b**3 + 2*b - 3. What is the remainder when 68 is divided by o(-2)?
0
Suppose -42 = 31*g - 37*g. Calculate the remainder when 26 - (1/(-1) + 2) is divided by g.
4
Let z(r) = r**3 - 3*r**2 - 1. Let n be z(3). Let l be (-2)/(1 - n)*-2. Suppose 6*i = 5*i + l. Calculate the remainder when 6 is divided by i.
0
Suppose -115 = -5*u - 3*f, 101 = 4*u + f + 16. Suppose -j + 77 - u = 0. What is the remainder when j is divided by 20?
17
Suppose -4*s = -69 + 53. Suppose s*r = 4*p + 8 + 20, 0 = 2*p. What is the remainder when 33 is divided by r?
5
Let a(q) = q**3 + 13*q**2 + 25*q + 5. Calculate the remainder when a(-10) is divided by 43.
12
Suppose 2*t - 42 = -5*s, 11*t - 13*t = -4*s - 78. Calculate the remainder when 46 is divided by t.
15
Let z(m) = 38*m**2 + 8*m + 1. What is the remainder when 100 is divided by z(1)?
6
Suppose 4*x + 5*q - 112 = 7*q, q - 64 = -2*x. Suppose 348 = -22*r + 1932. What is the remainder when r is divided by x?
12
Calculate the remainder when 82 is divided by (210/24)/((-1)/(-4)).
12
Let i(w) = w**2 - 3*w + 156. What is the remainder when i(0) is divided by 32?
28
Suppose 5*s - 67 = -17. Suppose 2*k - s = 10. What is the remainder when 24 is divided by k?
4
Let f = -50 - -55. Suppose -2*t - 36 = -4*k + 104, -3*k + f*t = -105. Calculate the remainder when k is divided by 12.
11
Let u be (-16)/6*(-12)/8. Suppose -23 = -u*m + 1. Suppose 5*c + m - 21 = 0. Calculate the remainder when c is divided by 1.
0
Let w = 499 - 342. Suppose -161*r = -w*r - 340. What is the remainder when r is divided by 29?
27
Let x(m) = -m**2 - 27*m + 58. What is the remainder when 83 is divided by x(-28)?
23
Let u = 117 - 95. Calculate the remainder when 80 is divided by u.
14
Let r = 8 + -8. Suppose 0 = s + 4*z - 85, r = 2*s - 5*z + 2*z - 137. Let j = s - 41. Calculate the remainder when j is divided by 17.
15
Let o(h) = h**3 + 2*h**2 - 9*h. Calculate the remainder when 68 is divided by o(3).
14
Suppose -3*x - 62 = -f, 5*f + 0*x + x = 310. Let l = f - 33. Calculate the remainder when l is divided by 4/10*(-4 - -29).
9
Suppose 10*z - 7*z = -5*y + 93, -29 = -y + 2*z. What is the remainder when y is divided by 8?
5
Suppose -15 = 5*u + 15. What is the remainder when (-2)/(0 - u/(-33)) is divided by 2/(2 + 15/(-9))?
5
Let o = 2 - 0. Suppose -5*d = -157 - 28. What is the remainder when (0 + -2)/(o/(-146)) is divided by d?
35
Let y(w) = 22 - w**2 - 2*w + 6*w + 6*w + 0. What is the remainder when y(10) is divided by 14?
8
Suppose 75 - 456 = -3*h. Let p = h + -66. What is the remainder when p is divided by 9?
7
Let w(c) = c**2 + 13*c + 6. Let j be w(-12). Calculate the remainder when 46 is divided by (6*(-9)/(-12))/(j/(-8)).
4
Let u = 125 + -80. What is the remainder when 5 is divided by u/12 - (-1)/4?
1
Suppose 0 = -2*w - l + 51, 160 = 5*w + 3*l + 34. What is the remainder when 106 is divided by w?
25
Suppose 88 = 2*i + 2*p - 0*p, i - 64 = -5*p. Suppose 0 = -4*z - 17 + 97. Suppose z = 2*j - 0*j. Calculate the remainder when i is divided by j.
9
Let w(m) = 10*m. Let t be w(-2). Let j = -9 - t. Suppose 30 = 55*z - 50*z. Calculate the remainder when j is divided by z.
5
Suppose -5*a - 97 = -4*k - 28, -2*k = -3*a - 35. Suppose -3*v + 95 = 5*x, -5*x + 55 = v + 20. What is the remainder when v + -2*(-1)/2 is divided by k?
15
Let v(w) = -5*w**2 - 22*w - 3. Let n be v(-4). Let m = -22 + 42. Suppose n*b - 4*b = m. What is the remainder when 39 is divided by b?
19
Suppose 0 = 2*v + 2*x - 344, -5*v + 5*x - 156 = -6*v. Suppose 7*c + v = 15*c. Let z(i) = 23*i**2 - 2*i - 2. What is the remainder when z(2) is divided by c?
20
Suppose 2*s + 3*o + 3 = s, -s - 2*o - 3 = 0. Let f(g) = -25*g - 4. Let j be f(s). Suppose -67 = -6*i + j. What is the remainder when 89 is divided by i?
20
Let s = -118 - -119. Let b = 19 + s. Let g = -60 - -98. Calculate the remainder when g is divided by b.
18
Let g(b) = 13*b**2 - 4*b + 13. Calculate the remainder when 396 is divided by g(2).
54
Let f(j) = j**3 - 4*j**2 - 11*j + 2. Let d be f(5). Let b = -20 - d. What is the remainder when 31 is divided by b?
7
Calculate the remainder when 86 is divided by (0 + 78/3)*1.
8
Let m(j) = -1 + 10*j - j**3 + 2*j**3 + 0*j**3 + 13*j**2 + 4. What is the remainder when 51 is divided by m(-12)?
24
Let t(r) = r**3 + 6*r**2 + 3*r + 15. Calculate the remainder when (0 - 0) + (98 - 0) is divided by t(-3).
32
Suppose 3*v + 3*u - 11 = 22, 2*v = -3*u + 21. Suppose -10 = -4*p - 2, 5*s - 3*p = 144. What is the remainder when s is divided by v?
6
Suppose 3*v - 3*d + 3 = 0, -v + 3*d = d + 2. Suppose v = 6*t - 56 - 154. What is the remainder when t is divided by 19?
16
Let y = 5 - 83. Let j = y - -124. Suppose 4*v + 3*o - o = 38, 5*o + 49 = 2*v. What is the remainder when j is divided by v?
10
Let l(a) = -a**3 + 10*a**2 + 21*a - 4. Calculate the remainder when l(-7) is divided by 18.
16
Let a = 156 + 451. What is the remainder when a is divided by 33?
13
Let z = -181 - -271. What is the remainder when z is divided by 13?
12
Let p(d) = 2*d + 101. What is the remainder when p(11) is divided by 37?
12
Let n(f) = -14*f + 236. What is the remainder when 2/5 + 3798/30 is divided by n(15)?
23
Suppose z - 61 + 20 = 0. Let s(g) = -g**3 + 2*g**3 + 7*g**2 - 10*g + 0*g**2 + g**2 + 2. Calculate the remainder when z is divided by s(-9).
8
Suppose b + 2*m + 12 = 4, 3*b = -4*m - 20. Let r(i) = 4*i**2 - 5*i - 25. Calculate the remainder when r(b) is divided by 4.
3
Suppose -5*u + 26 = -14. Suppose 0 = -14*b - 12*b + 260. What is the remainder when b is divided by u?
2
Let t(u) = 56*u**3 - u**2 + u. Let x be t(1). Let a = x + -25. Calculate the remainder when 123 is divided by a.
30
Let p(f) = -f**3 + 5*f**2 - 3*f - 2. Let y be p(4). Suppose -r = y*c - c - 3, 5*c = -4*r + 14. Calculate the remainder when 68 + (12/(-3))/c is divided by 17.
15
Let x = -388 + 409. Suppose 2*b - p + 44 = 0, -5*p = 2*b + 8 + 36. Let s = -10 - b. Calculate the remainder when x is divided by s.
9
Suppose 67 = l + 45. Calculate the remainder when 33 is divided by l.
11
Let g(a) = -a**2 - 17*a + 21. What is the remainder when g(-16) is divided by 28?
9
Let x = 281 + -259. Let b be (4/10)/((-4)/1820). Let m = -97 - b. Calculate the remainder when m is divided by x.
19
Let w = 260 + -247. Calculate the remainder when 17*2 + 2/(-1) is divided by w.
6
Let b(w) = w**3 - 2*w**2 + 6*w + 6. What is the remainder when b(4) is divided by 7?
6
Let r(u) = -8*u - 17*u + 9 + 16*u. What is the remainder when r(-5) is divided by 19?
16
Let b(t) = 10*t**2 - 3*t + 1. Let a = -20 - -23. Suppose k = a*k - 24. What is the remainder when b(2) is divided by k?
11
Suppose 14 = -0*z + 4*z + 2*r, 2 = -3*z - 4*r. Suppose y + 70 = z*y. What is the remainder when 26 is divided by y?
12
Suppose -2*j - 10 = -2*l + 18, -2*l + 3*j + 32 = 0. Suppose 7*f = 4*f + 6. Calculate the remainder when l is divided by (-20)/9 + f + (-570)/(-135).
2
Let f = 170 + -136. What is the remainder when 93 is divided by f?
25
Let g = 91 + -55. Suppose 0*c = -2*c + g. Suppose 4*m - 360 = -4*n, 5*n - 17*m + 18*m = 438. Calculate the remainder when n is divided by c.
15
Let f = -87 - -261. Let l = -5165 - -5224. What is the remainder when f is divided by l?
56
Suppose 0 = -3*s + 51 + 24. Suppose -5*x = 5*t - s, -15 = -4*t - x - 4. Suppose -t*y + 50 = 4. Calculate the remainder when 89 is divided by y.
20
Suppose -r + 89 = -7. Calculate the remainder when r is divided by 40.
16
Suppose -5*i + 5 + 35 = 0. Let u(z) = -3*z**2 - 10*z - 7. Let t be u(-6). Let o = 84 + t. Calculate the remainder when o is divided by i.
5
Suppose s